ate 79 - (-8 - (-22 + -23)).
42
2328 - 2315 - (74 - 1)
-60
Calculate 356 + -370 - (-3 - 0 - -8).
-19
Evaluate 29 + (144 - 167) + -66.
-60
Evaluate (-40 - 56) + -200 + 216.
-80
What is (91 - 1) + -85 + -143 + 201?
63
6 + -3 - (2 - 66) - (10 + -3 + 2)
58
What is (2 - -1 - -2) + (-1322 - -1302)?
-15
(0 - 2) + -5 + (40 - 26) + 56
63
What is 11 - (-30 + -18 + 15) - (-2 - 5)?
51
What is the value of 66 - 20 - (-65 - -72)?
39
Calculate (0 - 1) + -1 - ((-9 - (48 - 66)) + -49).
38
Evaluate -18 + 20 + -18 + 20 + -26.
-22
Evaluate 8 + (-17 - -36) - (-40 - -22).
45
-8 + 23 + 6 + (8 - (-7 + 7))
29
Evaluate (26966 - 27004) + (3 + -1 - -147).
111
Evaluate 9 + 18 + (-2 - 7) + 378 + -257.
139
What is 193 + 6 - (1477 - 1399)?
121
What is 25 + -7 + -33 + -22 - 12?
-49
What is (-71 - (-4 - -5)) + (-123 - (-73 - 40))?
-82
What is 401 + -589 + (-16 - -80)?
-124
-24 + -38 + (35 - -52)
25
What is 10 - (11 + (-59 - -52) + 2 + 30)?
-26
What is -303 + 254 - (-78 - 3)?
32
What is -15 - -2 - (-11 + 16 + 36)?
-54
(37 - -2) + -7989 + 7947
-3
Calculate -19 + 42 - ((1 - -1) + 8 + -6 + -6).
25
-59 - (-5 + (4 - (17 - 11)) + -3)
-49
What is the value of 3 - (0 - -26) - (55 - (127 - 64))?
-15
Evaluate 45 + (-119 - (28 - 68)).
-34
Calculate -51 - (-55 - -11) - (2 - 14 - 2) - -37.
44
What is the value of -37 + 26 + -327 + 331?
-7
-164 + 115 + 65 - -38
54
4 + -97 + 37 - -51
-5
Evaluate -9 + ((157 - 159) + (0 - 0) - 1).
-12
Calculate 20 - (-17 + -2 + 14 + 12).
13
Evaluate -1 + (2 + -4 - -10) - (-20 - (164 + -174)).
17
What is the value of 26 + -5 + 35 + -34?
22
Calculate (-7 - 0) + (8 - (7 - 9)).
3
What is the value of -1 + 52 + (7 - 7) - (2221 + -2216)?
46
What is -16 - -8 - 37 - -18?
-27
What is the value of (6 - -11 - (7 - 1)) + -84 + 68?
-5
What is the value of -8 - ((0 - 81) + -6 + 0 + (15 - 13))?
77
Evaluate -16 + 20 + -93 + 19 + -27 + 2 + 14.
-81
Evaluate (0 - (-16 + 4 + 4)) + (9 + -21 - 13).
-17
-38 + (10 - 1) - (363 - 399)
7
Evaluate (3 - 35 - 31) + 13 + -2.
-52
What is 34 + -42 + 18 + (3 - (0 + 0))?
13
What is 29 - (703 + -590 + (-13 - 1))?
-70
What is (3 - -3) + 0 + -722 + 658?
-58
-8 + (-35 + 41 - 35)
-37
What is the value of 6 - 48 - (1282 - 1253)?
-71
Evaluate 987 + -964 + (7 - 83).
-53
Evaluate -13 + -3 + 39 - (-84 + 67 + 0 + 11).
29
Evaluate (-202 - -84) + 124 + -1 + 39.
44
1 + -8 - (-211 - -177 - (-1 + -15)) - -15
26
45 - (-15 - (-31 + 10 - 6))
33
Evaluate (-8 - -1) + -83 + 73 + -24.
-41
-13 + (83 - -4) + (5 + 12 + -9 - 12)
70
0 + 10 + (-9918 - -9911)
3
-36 + (12 - -33) + (29 - (-4 + 0))
42
What is 1692 + -1687 - ((31 - 4) + -4)?
-18
Calculate -3 - (-2 + (7 - 16) - -33).
-25
-73 - -37 - -24 - 15
-27
(12 - 24 - -10) + 0 + -81 + (6 - 3)
-80
(2 - -10) + (-70 - -50 - 3) - -130
119
Evaluate 2 + (106 - (-2 + 13)) + (-70 - -86).
113
Calculate -45 - (36 - 47 - 4 - 121).
91
(-12 - (-6 - -4)) + -6
-16
What is the value of -58 - -51 - 19 - -28?
2
What is the value of (10 - (5 - (9 - 121))) + (7 + 4 - 25)?
-121
Calculate 11 + (10 - 30) + 9.
0
Calculate (-123 - -21) + 243 + -237.
-96
7 + (-120 - -53) + 36
-24
What is -3 + 125 - (-174 - -274)?
22
Evaluate (-48 - 0) + 17 + (15 - (37 + -12)).
-41
What is 89 - (-19 + -20 + -14 + 14 + 20)?
108
What is 40 - 39 - (3 - 1) - (-9 - -36 - -4)?
-32
Calculate (-40 - 0 - -1) + (-115 - (20 - 122)).
-52
Evaluate -42 - (-30 + (-45 - -29)).
4
Evaluate -1 + 13 - (-250 - -298) - (-14 + 35).
-57
What is 20 - 31 - (-33 + 27 - 26)?
21
Calculate (67 - 99) + 5 - 13.
-40
What is the value of -73 - ((-82 - -170) + -79)?
-82
Calculate (-30 - -32 - (9 - -42 - (1 + -6))) + -7.
-61
5 + -146 + (-54 - -79) + 16
-100
Evaluate (-13 - (-58 - -26 - -19)) + 16.
16
3 + 1 + 5 + 14 + (-3 - 5)
15
What is -128 + -80 + 171 - (-1 + -64)?
28
What is 134 + -62 - (-8 - (-19 - -1))?
62
Calculate -76 + 83 + (4 - (65 - 0)).
-54
What is -12 + 4 + -7 + (-22 - (-12 - -5)) + 5?
-25
(1 - 14 - (45 - (79 + -13))) + -1 + -108
-101
4 - (1 + -13 - (213 + -204))
25
13 + 12 + (5 - 22 - -15)
23
(-9 - (-3 + 7 - 9)) + 65 - (2 + 1)
58
Calculate -53 + 54 + (70 - 142).
-71
What is the value of -32 + (-37 - -84) + 44?
59
Evaluate (617 + -643 - (-2 - 28)) + (-2 - 0).
2
What is 50 + (-172 - -128 - -86)?
92
What is 17 + -4 + 11 + 82 + -112?
-6
What is 38 + 2 + -8 + -5 + 15 + -12?
30
Calculate (8 - -23) + -5 + (2 - -3).
31
Evaluate (-4 - (-6 + (14 - (46 - 12)) - -16)) + -5.
1
What is the value of (-16 - (13 + 33)) + 15?
-47
Calculate (-1 + 17 - (-396 + 388)) + -3.
21
Calculate -15 + 25 + -38 - -10 - 24.
-42
What is 2 + 0 + (130 + -182 - -21)?
-29
-30 + (-20 - -1) + 2 + 24
-23
Calculate 1 - (-26 + 66 + 2 + -2).
-39
What is the value of 20 + 29 + (-7 - 25) + 20?
37
-20 - (-81 + (93 - 2))
-30
What is the value of -31 + 47 + -31 + 8 + -12?
-19
Calculate -174 + 25 + 138 - (-3 + 2 - (1 + -33)).
-42
Calculate -11 + -2 + 51 + -36 + (-59 - 1).
-58
Evaluate (32 - 118 - -24) + 50.
-12
Evaluate 43 + (142 - 195) - (0 + 48).
-58
Calculate -3 + (-6 - 2 - (-123 + 118)) + -33.
-39
156 - 127 - (12 - 42 - 4)
63
What is the value of -13 + 3 + -2 - (3 - (39 + -47 - 106))?
-129
What is (-1 - -13 - (3 - -11) - -8) + 18?
24
Evaluate 0 + -7 - (-31 - (-48 + 19)).
-5
What is (-61 - 0) + (413 - 386)?
-34
Evaluate -32 + (-89 + 39 - -43).
-39
Calculate (0 - -35) + (-20 - (34 + -66)).
47
Calculate -19 - ((50 - 19) + -17).
-33
What is the value of -158 - (51 - 140) - -141?
72
Calculate -53 + 47 + 21 - 39.
-24
-8 + (-24 - -62) + 24
54
What is 2 + 43 - -8 - (22 - (23 - 10))?
44
What is -22 + 51 + 39 - 59?
9
Evaluate -6 + (1 - 4 - -6) - (174 - 182).
5
What is the value of -75 + -23 - ((8 - 36) + 0)?
-70
Calculate (1 - (-49 - -39 - (-6 - (-1 - -2)))) + -12.
-8
What is the value of -838 - -810 - (4 + -6)?
-26
What is 35 + -1 + 0 + 572 + -575 + -8 - 7?
16
What is (-51 - (-140 - -99)) + 2 + 0?
-8
-23 + (20 - 25) + -34 + 14
-48
What is -749 + 950 - (82 + 2)?
117
Calculate (26 - (-13 + 7 - -17)) + 2 + -50.
-33
Calculate 0 + 0 + 8 - (-11 + (23 - 39) + 28).
7
What is the value of -86 + (-28 - (12 - (6 + 7)))?
-113
Calculate 5 + -14 - (-116 + 111) - 55.
-59
Evaluate (3 + -3 + 3 - 11) + (-349 - -353) - -47.
43
Calculate -1191 + 1188 - (32 + -32 - (-1 - 71 - 1)).
-76
What is the value of -24 - (-3 - 4) - (28 - 21)?
-24
Evaluate 2 + -16 - (-166 - -158).
-6
Evaluate 58 - ((-3 - 16) + 9 + 8 + -3 + -6).
69
Evaluate 25 + 2 + 1 + 577 + -591 - -28.
42
What is the value of 3 + -26 + (8 - 5) + -1 + -11?
-32
What is the value of (-9 + -11 - -22 - 2) + -18?
-18
What is the value of -93 - ((-7 - -28) + (-19 - -10) - 20)?
-85
46 - ((-17 - (-26 + 1)) + 12)
26
What is -30 - -5 - -43 - 19?
-1
Evaluate 0 + (-13 - -3) - (6 - 1 - (69 + -2)).
52
Calculate -62 + 21 + -7 - -65.
17
Evaluate 6 + (32 - ((2 - 6) + 25)).
17
What is the value of 67 + -70 - (30 - 70)?
37
What is 1 + (-116 - -34 - (6 + -11 + 11 + -3))?
-84
Calculate -2 + (68 + 106 + -103 - (4 - 0)).
65
What is the value of (2 + 6 - (-326 + 326)) + -60 + 0?
-52
Calculate (-37 - (-14 - 1)) + 14 + (3 - 8) + 83.
70
(-1 - 6) + (-28 + 7 + -8 - (-19 - -24))
-41
Calculate (0 - 9) + 64 + -204 + 162.
13
Calculate 15 + (1 + 11 - -4) + 125 + -19 + 3.
140
What is (123 - 105) + 9 + -76?
-49
Evaluate (-4047 - -4057 - (20 - (0 + 0))) + (-110 - 1).
-121
2 - 31 - -11 - -5 - (-17 + -1)
5
What is the value of 2 + -1 + 8 + (-8 + -39 - -49)?
11
-65 - (-5 - (-19 + 30 - 2 - 10))
-61
Calculate -77 + 0 + 10 + 11 + -5 + -14.
-75
(-2 - (-3 + 9)) + (-36 - -47) + -11
-8
5 + -1 + (21 - (34 + -16) - -27)
34
What is (0 - -24 - (110 - (19 - -83))) + 118?
134
What is 4 + 154 - 149 - 31?
-22
(9114 - 9095) + 1 + -53 + (-2 - -3)
-32
Calculate 9 + (-3 + 1 - 7) + 6 + 40.
46
Evaluate -6 + 56 + (-6 + -33 - -18).
29
(4 - 0) + (-26 - (-197 - -119))
56
-322 + 314 - (-27 - 0) - 14 - (-6 - 0)
11
What is the value of 27 + 3 + (114 - 90) + 21?
75
What is the value of 6 + -12 + -18 - ((3 - 4) + 14 + 1)?
-38
Calculate 90 - (-50 - -145) - (-16 + -1).
12
Evaluate -1 + 10 + -14 + -2 + 17 - (-102 + 68).
44
What is the value of -2 - 42 - (-118 + 120 + 28)?
-74
(89 - 100 - (-2 - (3 - 4))) + 67
57
-18 - (38 - (19 - 4) - (83 + 11))
53
(-74 - (107 - 159)) + -77
-99
What is -29 - (1 + (-20 - -2) - (207 + -218))?
-23
Evaluate 2 - (-34 - (3 + (-1 - (7 + -16)))).
47
What is the value of -21 - -21 - (2 + (9 - 62) - -9)?
42
Calculate (23 - 27 - -35) + (-1 - (-2 + -7)).
